{"id":81,"date":"2023-11-22T21:17:50","date_gmt":"2023-11-22T20:17:50","guid":{"rendered":"http:\/\/bbb-ennevelin.org\/?page_id=81"},"modified":"2024-01-13T14:50:07","modified_gmt":"2024-01-13T13:50:07","slug":"groupes-de-travail","status":"publish","type":"page","link":"http:\/\/bbb-ennevelin.org\/index.php\/groupes-de-travail\/","title":{"rendered":"Groupes de travail"},"content":{"rendered":"\t\t<div data-elementor-type=\"wp-page\" data-elementor-id=\"81\" class=\"elementor elementor-81\">\n\t\t\t\t<div class=\"elementor-element elementor-element-222debf6 e-flex e-con-boxed e-con e-parent\" data-id=\"222debf6\" data-element_type=\"container\">\n\t\t\t\t\t<div class=\"e-con-inner\">\n\t\t\t\t<div class=\"elementor-element elementor-element-11381538 elementor-widget elementor-widget-text-editor\" data-id=\"11381538\" data-element_type=\"widget\" data-widget_type=\"text-editor.default\">\n\t\t\t\t<div class=\"elementor-widget-container\">\n\t\t\t\t\t\t\t<p><!-- wp:heading --><\/p>\n<h2 class=\"wp-block-heading\">Gestion du projet<\/h2>\n<p><!-- \/wp:heading --><!-- wp:list --><\/p>\n<ul>\n<li style=\"list-style-type: none;\">\n<ul><!-- wp:list-item --><\/ul>\n<\/li>\n<\/ul>\n<ul>\n<li style=\"list-style-type: none;\">\n<ul>\n<li>R\u00e9f\u00e9rent : Matthieu<\/li>\n<\/ul>\n<\/li>\n<\/ul>\n<p><!-- \/wp:list-item --><!-- wp:list-item --><\/p>\n<ul>\n<li style=\"list-style-type: none;\">\n<ul>\n<li>Membres actifs : \u00e0 vous de vous positionner \ud83d\ude09<\/li>\n<\/ul>\n<\/li>\n<\/ul>\n<p><!-- \/wp:list-item --><!-- wp:list-item --><\/p>\n<ul>\n<li style=\"list-style-type: none;\">\n<ul>\n<li>But : coordonner l&#8217;action collective<\/li>\n<\/ul>\n<\/li>\n<\/ul>\n<p><!-- \/wp:list-item --><!-- wp:list-item --><\/p>\n<ul>\n<li style=\"list-style-type: none;\">\n<ul>\n<li>Les prochaines \u00e9ch\u00e9ances sont : <!-- wp:list -->\n<ul><!-- wp:list-item --><!-- \/wp:list-item --><!-- wp:list-item --><\/ul>\n<\/li>\n<\/ul>\n<\/li>\n<\/ul>\n<ul>\n<li style=\"list-style-type: none;\">\n<ul>\n<li style=\"list-style-type: none;\">\n<ul>\n<li><strong>vendredi 26 janvier 2024<\/strong> &#8211; 18h30 : EN ATTENTE DE CONFIRMATION &gt; session de travail multi-groupes<\/li>\n<\/ul>\n<\/li>\n<\/ul>\n<\/li>\n<\/ul>\n<p><!-- \/wp:list-item --><!-- wp:list-item --><\/p>\n<ul>\n<li style=\"list-style-type: none;\">\n<ul>\n<li style=\"list-style-type: none;\">\n<ul>\n<li><strong>20 f\u00e9vrier 2024<\/strong> &#8211; 18h30 : A CONFIRMER &gt; session de travail multi-groupes<\/li>\n<\/ul>\n<\/li>\n<\/ul>\n<\/li>\n<\/ul>\n<p><!-- \/wp:list-item --><!-- wp:list-item --><\/p>\n<ul>\n<li style=\"list-style-type: none;\">\n<ul>\n<li style=\"list-style-type: none;\">\n<ul>\n<li><strong>mars 2024<\/strong> : chantier participatif de plantation sur le 1er tron\u00e7on au sud du village.<\/li>\n<\/ul>\n<\/li>\n<\/ul>\n<\/li>\n<\/ul>\n<p><!-- \/wp:list-item --><!-- wp:list-item --><\/p>\n<ul>\n<li style=\"list-style-type: none;\">\n<ul>\n<li style=\"list-style-type: none;\">\n<ul>\n<li><strong>12 mars 2024<\/strong> &#8211; 18h30 : A CONFIRMER &gt; session de travail multi-groupes<\/li>\n<\/ul>\n<\/li>\n<\/ul>\n<\/li>\n<\/ul>\n<p><!-- \/wp:list-item --><!-- wp:list-item --><\/p>\n<ul>\n<li style=\"list-style-type: none;\">\n<ul>\n<li style=\"list-style-type: none;\">\n<ul>\n<li><strong>14 avril 2024<\/strong> : OK &gt; ouverture du 1<sup>er<\/sup> tron\u00e7on et pr\u00e9sentation du parcours. Le r\u00e9seau \u00ab Graines de culture(s) \u00bb de P\u00e9v\u00e8le Carembault organise sur plusieurs mois des \u00e9v\u00e8nements dans les m\u00e9diath\u00e8ques qui s\u2019inscrivent dans le cadre de l\u2019op\u00e9ration \u00ab Les m\u00e9diath\u00e8ques vous r\u00e9galent \u00bb. La cl\u00f4ture de cette programmation aura lieu<strong>&nbsp;<\/strong>\u00e0 Ennevelin.<\/li>\n<\/ul>\n<\/li>\n<\/ul>\n<\/li>\n<\/ul>\n<p><!-- \/wp:list-item --><!-- wp:list-item --><\/p>\n<ul>\n<li style=\"list-style-type: none;\">\n<ul>\n<li style=\"list-style-type: none;\">\n<ul>\n<li><strong>9 novembre 2024<\/strong> matin\u00e9e : chantier participatif de plantation<\/li>\n<\/ul>\n<\/li>\n<\/ul>\n<\/li>\n<\/ul>\n<p><!-- \/wp:list-item --><!-- wp:list-item --><\/p>\n<ul>\n<li style=\"list-style-type: none;\">\n<ul>\n<li style=\"list-style-type: none;\">\n<ul>\n<li><strong>8 mars 2025<\/strong> matin\u00e9e : chantier participatif de plantation<\/li>\n<\/ul>\n<\/li>\n<li>Voici les \u00e9ch\u00e9ances pass\u00e9es :\n<ul>\n<li><strong>jeudi 7 d\u00e9cembre 2023<\/strong> &#8211; 18h30 : Mairie &#8211; salle des associations &gt; session de travail multi-groupes<\/li>\n<\/ul>\n<\/li>\n<\/ul>\n<\/li>\n<\/ul>\n<p><!-- \/wp:list-item --><\/p>\n<p><!-- \/wp:list --><\/p>\n<p><!-- \/wp:list-item --><\/p>\n<p><!-- \/wp:list --><!-- wp:heading --><\/p>\n<h2 class=\"wp-block-heading\">Groupe Contacts locaux<\/h2>\n<p><!-- \/wp:heading --><!-- wp:list --><\/p>\n<ul>\n<li style=\"list-style-type: none;\">\n<ul><!-- wp:list-item --><\/ul>\n<\/li>\n<\/ul>\n<ul>\n<li style=\"list-style-type: none;\">\n<ul>\n<li>R\u00e9f\u00e9rent : Bertrand<\/li>\n<\/ul>\n<\/li>\n<\/ul>\n<p><!-- \/wp:list-item --><!-- wp:list-item --><\/p>\n<ul>\n<li style=\"list-style-type: none;\">\n<ul>\n<li>Membres actifs : G\u00e9rard, Gauthier<\/li>\n<\/ul>\n<\/li>\n<\/ul>\n<p><!-- \/wp:list-item --><!-- wp:list-item --><\/p>\n<ul>\n<li style=\"list-style-type: none;\">\n<ul>\n<li>But : identifier les propri\u00e9taires des parcelles bordant le chemin nourricier, les exploitants. Prendre les contacts n\u00e9cessaires pour \u00e9valuer les actions possibles avec leurs accords. Entretenir les \u00e9changes avec la mairie.<\/li>\n<\/ul>\n<\/li>\n<\/ul>\n<p><!-- \/wp:list-item --><!-- wp:list-item --><\/p>\n<ul>\n<li style=\"list-style-type: none;\">\n<ul>\n<li>Prochaines \u00e9ch\u00e9ances : <!-- wp:list -->\n<ul>\n<li style=\"list-style-type: none;\">\n<ul><!-- wp:list-item --><\/ul>\n<\/li>\n<\/ul>\n<ul>\n<li style=\"list-style-type: none;\">\n<ul>\n<li>PR\u00caT &gt; <strong>d\u00e9but novembre<\/strong> : rencontre propri\u00e9taire parcelle 1er tron\u00e7on.<\/li>\n<\/ul>\n<\/li>\n<\/ul>\n<p><!-- \/wp:list-item --><\/p>\n<p><!-- \/wp:list --><\/p>\n<\/li>\n<\/ul>\n<\/li>\n<\/ul>\n<p><!-- \/wp:list-item --><\/p>\n<p><!-- \/wp:list --><!-- wp:heading --><\/p>\n<h2 class=\"wp-block-heading\">Groupe Balisage<\/h2>\n<p><!-- \/wp:heading --><!-- wp:list --><\/p>\n<ul>\n<li style=\"list-style-type: none;\">\n<ul><!-- wp:list-item --><\/ul>\n<\/li>\n<\/ul>\n<ul>\n<li style=\"list-style-type: none;\">\n<ul>\n<li>R\u00e9f\u00e9rent : Christophe<\/li>\n<\/ul>\n<\/li>\n<\/ul>\n<p><!-- \/wp:list-item --><!-- wp:list-item --><\/p>\n<ul>\n<li style=\"list-style-type: none;\">\n<ul>\n<li>Membres actifs : Julien<\/li>\n<\/ul>\n<\/li>\n<\/ul>\n<p><!-- \/wp:list-item --><!-- wp:list-item --><\/p>\n<ul>\n<li style=\"list-style-type: none;\">\n<ul>\n<li>But : mise en place d une signal\u00e9tique pour identifier et faire conna\u00eetre le chemin nourricier.<\/li>\n<\/ul>\n<\/li>\n<\/ul>\n<p><!-- \/wp:list-item --><!-- wp:list-item --><\/p>\n<ul>\n<li style=\"list-style-type: none;\">\n<ul>\n<li>Prochaines \u00e9ch\u00e9ances :<\/li>\n<\/ul>\n<\/li>\n<\/ul>\n<p><!-- \/wp:list-item --><!-- wp:list-item --><\/p>\n<ul>\n<li style=\"list-style-type: none;\">\n<ul>\n<li>&nbsp;<\/li>\n<\/ul>\n<\/li>\n<\/ul>\n<p><!-- \/wp:list-item --><\/p>\n<p><!-- \/wp:list --><!-- wp:heading --><\/p>\n<h2 class=\"wp-block-heading\">Groupe Contacts Ressources<\/h2>\n<p><!-- \/wp:heading --><!-- wp:list --><\/p>\n<ul>\n<li style=\"list-style-type: none;\">\n<ul><!-- wp:list-item --><\/ul>\n<\/li>\n<\/ul>\n<ul>\n<li style=\"list-style-type: none;\">\n<ul>\n<li>R\u00e9f\u00e9rent : Julien<\/li>\n<\/ul>\n<\/li>\n<\/ul>\n<p><!-- \/wp:list-item --><!-- wp:list-item --><\/p>\n<ul>\n<li style=\"list-style-type: none;\">\n<ul>\n<li>Membres actifs : \u00e0 vous de vous positionner \ud83d\ude09<\/li>\n<\/ul>\n<\/li>\n<\/ul>\n<p><!-- \/wp:list-item --><!-- wp:list-item --><\/p>\n<ul>\n<li style=\"list-style-type: none;\">\n<ul>\n<li>But : Prendre contact avec des personnes \/ entit\u00e9s ressource pour guider nos choix\/propositions et financer nos actions.<\/li>\n<\/ul>\n<\/li>\n<\/ul>\n<p><!-- \/wp:list-item --><!-- wp:list-item --><\/p>\n<ul>\n<li style=\"list-style-type: none;\">\n<ul>\n<li>Prochaines \u00e9ch\u00e9ances :<\/li>\n<\/ul>\n<\/li>\n<\/ul>\n<p><!-- \/wp:list-item --><!-- wp:list-item --><\/p>\n<ul>\n<li style=\"list-style-type: none;\">\n<ul>\n<li>&nbsp;<\/li>\n<\/ul>\n<\/li>\n<\/ul>\n<p><!-- \/wp:list-item --><\/p>\n<p><!-- \/wp:list --><!-- wp:heading --><\/p>\n<h2 class=\"wp-block-heading\">Groupe Jeu<\/h2>\n<p><!-- \/wp:heading --><!-- wp:list --><\/p>\n<ul>\n<li style=\"list-style-type: none;\">\n<ul><!-- wp:list-item --><\/ul>\n<\/li>\n<\/ul>\n<ul>\n<li style=\"list-style-type: none;\">\n<ul>\n<li>R\u00e9f\u00e9rent : \u00e0 vous de vous positionner \ud83d\ude09<\/li>\n<\/ul>\n<\/li>\n<\/ul>\n<p><!-- \/wp:list-item --><!-- wp:list-item --><\/p>\n<ul>\n<li style=\"list-style-type: none;\">\n<ul>\n<li>Membres actifs : Fran\u00e7oise D., Isabelle, Nadine<\/li>\n<\/ul>\n<\/li>\n<\/ul>\n<p><!-- \/wp:list-item --><!-- wp:list-item --><\/p>\n<ul>\n<li style=\"list-style-type: none;\">\n<ul>\n<li>But : cr\u00e9er une animation du sentier nourricier par le jeu.<\/li>\n<\/ul>\n<\/li>\n<\/ul>\n<p><!-- \/wp:list-item --><!-- wp:list-item --><\/p>\n<ul>\n<li style=\"list-style-type: none;\">\n<ul>\n<li>Prochaines \u00e9ch\u00e9ances<\/li>\n<\/ul>\n<\/li>\n<\/ul>\n<p><!-- \/wp:list-item --><!-- wp:list-item --><\/p>\n<ul>\n<li style=\"list-style-type: none;\">\n<ul>\n<li>&nbsp;<\/li>\n<\/ul>\n<\/li>\n<\/ul>\n<p><!-- \/wp:list-item --><\/p>\n<p><!-- \/wp:list --><\/p>\t\t\t\t\t\t<\/div>\n\t\t\t\t<\/div>\n\t\t\t\t\t<\/div>\n\t\t\t\t<\/div>\n\t\t\t\t<\/div>\n\t\t","protected":false},"excerpt":{"rendered":"<p>Gestion du projet Groupe Contacts locaux Groupe Balisage Groupe Contacts Ressources Groupe Jeu<\/p>\n","protected":false},"author":1,"featured_media":0,"parent":0,"menu_order":0,"comment_status":"closed","ping_status":"closed","template":"","meta":{"footnotes":""},"class_list":["post-81","page","type-page","status-publish","hentry"],"_links":{"self":[{"href":"http:\/\/bbb-ennevelin.org\/index.php\/wp-json\/wp\/v2\/pages\/81","targetHints":{"allow":["GET"]}}],"collection":[{"href":"http:\/\/bbb-ennevelin.org\/index.php\/wp-json\/wp\/v2\/pages"}],"about":[{"href":"http:\/\/bbb-ennevelin.org\/index.php\/wp-json\/wp\/v2\/types\/page"}],"author":[{"embeddable":true,"href":"http:\/\/bbb-ennevelin.org\/index.php\/wp-json\/wp\/v2\/users\/1"}],"replies":[{"embeddable":true,"href":"http:\/\/bbb-ennevelin.org\/index.php\/wp-json\/wp\/v2\/comments?post=81"}],"version-history":[{"count":27,"href":"http:\/\/bbb-ennevelin.org\/index.php\/wp-json\/wp\/v2\/pages\/81\/revisions"}],"predecessor-version":[{"id":136,"href":"http:\/\/bbb-ennevelin.org\/index.php\/wp-json\/wp\/v2\/pages\/81\/revisions\/136"}],"wp:attachment":[{"href":"http:\/\/bbb-ennevelin.org\/index.php\/wp-json\/wp\/v2\/media?parent=81"}],"curies":[{"name":"wp","href":"https:\/\/api.w.org\/{rel}","templated":true}]}}

<div data-elementor-type="wp-page" data-elementor-id="81" class="elementor elementor-81">
				<div class="elementor-element elementor-element-222debf6 e-flex e-con-boxed e-con e-parent" data-id="222debf6" data-element_type="container">
					<div class="e-con-inner">
				<div class="elementor-element elementor-element-11381538 elementor-widget elementor-widget-text-editor" data-id="11381538" data-element_type="widget" data-widget_type="text-editor.default">
				<div class="elementor-widget-container">
							<p><!-- wp:heading --></p>
<h2 class="wp-block-heading">Gestion du projet</h2>
<p><!-- /wp:heading --><!-- wp:list --></p>
<ul>
<li style="list-style-type: none;">
<ul><!-- wp:list-item --></ul>
</li>
</ul>
<ul>
<li style="list-style-type: none;">
<ul>
<li>Référent : Matthieu</li>
</ul>
</li>
</ul>
<p><!-- /wp:list-item --><!-- wp:list-item --></p>
<ul>
<li style="list-style-type: none;">
<ul>
<li>Membres actifs : à vous de vous positionner 😉</li>
</ul>
</li>
</ul>
<p><!-- /wp:list-item --><!-- wp:list-item --></p>
<ul>
<li style="list-style-type: none;">
<ul>
<li>But : coordonner l&#8217;action collective</li>
</ul>
</li>
</ul>
<p><!-- /wp:list-item --><!-- wp:list-item --></p>
<ul>
<li style="list-style-type: none;">
<ul>
<li>Les prochaines échéances sont : <!-- wp:list -->
<ul><!-- wp:list-item --><!-- /wp:list-item --><!-- wp:list-item --></ul>
</li>
</ul>
</li>
</ul>
<ul>
<li style="list-style-type: none;">
<ul>
<li style="list-style-type: none;">
<ul>
<li><strong>vendredi 26 janvier 2024</strong> &#8211; 18h30 : EN ATTENTE DE CONFIRMATION &gt; session de travail multi-groupes</li>
</ul>
</li>
</ul>
</li>
</ul>
<p><!-- /wp:list-item --><!-- wp:list-item --></p>
<ul>
<li style="list-style-type: none;">
<ul>
<li style="list-style-type: none;">
<ul>
<li><strong>20 février 2024</strong> &#8211; 18h30 : A CONFIRMER &gt; session de travail multi-groupes</li>
</ul>
</li>
</ul>
</li>
</ul>
<p><!-- /wp:list-item --><!-- wp:list-item --></p>
<ul>
<li style="list-style-type: none;">
<ul>
<li style="list-style-type: none;">
<ul>
<li><strong>mars 2024</strong> : chantier participatif de plantation sur le 1er tronçon au sud du village.</li>
</ul>
</li>
</ul>
</li>
</ul>
<p><!-- /wp:list-item --><!-- wp:list-item --></p>
<ul>
<li style="list-style-type: none;">
<ul>
<li style="list-style-type: none;">
<ul>
<li><strong>12 mars 2024</strong> &#8211; 18h30 : A CONFIRMER &gt; session de travail multi-groupes</li>
</ul>
</li>
</ul>
</li>
</ul>
<p><!-- /wp:list-item --><!-- wp:list-item --></p>
<ul>
<li style="list-style-type: none;">
<ul>
<li style="list-style-type: none;">
<ul>
<li><strong>14 avril 2024</strong> : OK &gt; ouverture du 1<sup>er</sup> tronçon et présentation du parcours. Le réseau « Graines de culture(s) » de Pévèle Carembault organise sur plusieurs mois des évènements dans les médiathèques qui s’inscrivent dans le cadre de l’opération « Les médiathèques vous régalent ». La clôture de cette programmation aura lieu<strong>&nbsp;</strong>à Ennevelin.</li>
</ul>
</li>
</ul>
</li>
</ul>
<p><!-- /wp:list-item --><!-- wp:list-item --></p>
<ul>
<li style="list-style-type: none;">
<ul>
<li style="list-style-type: none;">
<ul>
<li><strong>9 novembre 2024</strong> matinée : chantier participatif de plantation</li>
</ul>
</li>
</ul>
</li>
</ul>
<p><!-- /wp:list-item --><!-- wp:list-item --></p>
<ul>
<li style="list-style-type: none;">
<ul>
<li style="list-style-type: none;">
<ul>
<li><strong>8 mars 2025</strong> matinée : chantier participatif de plantation</li>
</ul>
</li>
<li>Voici les échéances passées :
<ul>
<li><strong>jeudi 7 décembre 2023</strong> &#8211; 18h30 : Mairie &#8211; salle des associations &gt; session de travail multi-groupes</li>
</ul>
</li>
</ul>
</li>
</ul>
<p><!-- /wp:list-item --></p>
<p><!-- /wp:list --></p>
<p><!-- /wp:list-item --></p>
<p><!-- /wp:list --><!-- wp:heading --></p>
<h2 class="wp-block-heading">Groupe Contacts locaux</h2>
<p><!-- /wp:heading --><!-- wp:list --></p>
<ul>
<li style="list-style-type: none;">
<ul><!-- wp:list-item --></ul>
</li>
</ul>
<ul>
<li style="list-style-type: none;">
<ul>
<li>Référent : Bertrand</li>
</ul>
</li>
</ul>
<p><!-- /wp:list-item --><!-- wp:list-item --></p>
<ul>
<li style="list-style-type: none;">
<ul>
<li>Membres actifs : Gérard, Gauthier</li>
</ul>
</li>
</ul>
<p><!-- /wp:list-item --><!-- wp:list-item --></p>
<ul>
<li style="list-style-type: none;">
<ul>
<li>But : identifier les propriétaires des parcelles bordant le chemin nourricier, les exploitants. Prendre les contacts nécessaires pour évaluer les actions possibles avec leurs accords. Entretenir les échanges avec la mairie.</li>
</ul>
</li>
</ul>
<p><!-- /wp:list-item --><!-- wp:list-item --></p>
<ul>
<li style="list-style-type: none;">
<ul>
<li>Prochaines échéances : <!-- wp:list -->
<ul>
<li style="list-style-type: none;">
<ul><!-- wp:list-item --></ul>
</li>
</ul>
<ul>
<li style="list-style-type: none;">
<ul>
<li>PRÊT &gt; <strong>début novembre</strong> : rencontre propriétaire parcelle 1er tronçon.</li>
</ul>
</li>
</ul>
<p><!-- /wp:list-item --></p>
<p><!-- /wp:list --></p>
</li>
</ul>
</li>
</ul>
<p><!-- /wp:list-item --></p>
<p><!-- /wp:list --><!-- wp:heading --></p>
<h2 class="wp-block-heading">Groupe Balisage</h2>
<p><!-- /wp:heading --><!-- wp:list --></p>
<ul>
<li style="list-style-type: none;">
<ul><!-- wp:list-item --></ul>
</li>
</ul>
<ul>
<li style="list-style-type: none;">
<ul>
<li>Référent : Christophe</li>
</ul>
</li>
</ul>
<p><!-- /wp:list-item --><!-- wp:list-item --></p>
<ul>
<li style="list-style-type: none;">
<ul>
<li>Membres actifs : Julien</li>
</ul>
</li>
</ul>
<p><!-- /wp:list-item --><!-- wp:list-item --></p>
<ul>
<li style="list-style-type: none;">
<ul>
<li>But : mise en place d une signalétique pour identifier et faire connaître le chemin nourricier.</li>
</ul>
</li>
</ul>
<p><!-- /wp:list-item --><!-- wp:list-item --></p>
<ul>
<li style="list-style-type: none;">
<ul>
<li>Prochaines échéances :</li>
</ul>
</li>
</ul>
<p><!-- /wp:list-item --><!-- wp:list-item --></p>
<ul>
<li style="list-style-type: none;">
<ul>
<li>&nbsp;</li>
</ul>
</li>
</ul>
<p><!-- /wp:list-item --></p>
<p><!-- /wp:list --><!-- wp:heading --></p>
<h2 class="wp-block-heading">Groupe Contacts Ressources</h2>
<p><!-- /wp:heading --><!-- wp:list --></p>
<ul>
<li style="list-style-type: none;">
<ul><!-- wp:list-item --></ul>
</li>
</ul>
<ul>
<li style="list-style-type: none;">
<ul>
<li>Référent : Julien</li>
</ul>
</li>
</ul>
<p><!-- /wp:list-item --><!-- wp:list-item --></p>
<ul>
<li style="list-style-type: none;">
<ul>
<li>Membres actifs : à vous de vous positionner 😉</li>
</ul>
</li>
</ul>
<p><!-- /wp:list-item --><!-- wp:list-item --></p>
<ul>
<li style="list-style-type: none;">
<ul>
<li>But : Prendre contact avec des personnes / entités ressource pour guider nos choix/propositions et financer nos actions.</li>
</ul>
</li>
</ul>
<p><!-- /wp:list-item --><!-- wp:list-item --></p>
<ul>
<li style="list-style-type: none;">
<ul>
<li>Prochaines échéances :</li>
</ul>
</li>
</ul>
<p><!-- /wp:list-item --><!-- wp:list-item --></p>
<ul>
<li style="list-style-type: none;">
<ul>
<li>&nbsp;</li>
</ul>
</li>
</ul>
<p><!-- /wp:list-item --></p>
<p><!-- /wp:list --><!-- wp:heading --></p>
<h2 class="wp-block-heading">Groupe Jeu</h2>
<p><!-- /wp:heading --><!-- wp:list --></p>
<ul>
<li style="list-style-type: none;">
<ul><!-- wp:list-item --></ul>
</li>
</ul>
<ul>
<li style="list-style-type: none;">
<ul>
<li>Référent : à vous de vous positionner 😉</li>
</ul>
</li>
</ul>
<p><!-- /wp:list-item --><!-- wp:list-item --></p>
<ul>
<li style="list-style-type: none;">
<ul>
<li>Membres actifs : Françoise D., Isabelle, Nadine</li>
</ul>
</li>
</ul>
<p><!-- /wp:list-item --><!-- wp:list-item --></p>
<ul>
<li style="list-style-type: none;">
<ul>
<li>But : créer une animation du sentier nourricier par le jeu.</li>
</ul>
</li>
</ul>
<p><!-- /wp:list-item --><!-- wp:list-item --></p>
<ul>
<li style="list-style-type: none;">
<ul>
<li>Prochaines échéances</li>
</ul>
</li>
</ul>
<p><!-- /wp:list-item --><!-- wp:list-item --></p>
<ul>
<li style="list-style-type: none;">
<ul>
<li>&nbsp;</li>
</ul>
</li>
</ul>
<p><!-- /wp:list-item --></p>
<p><!-- /wp:list --></p>						</div>
				</div>
					</div>
				</div>
				</div>
